 + 93. What are the prime factors of g/2*(-161 + 1)?
2, 5, 11
Suppose -134*h = -132*h + 2*l - 72038, -10*l = 5*h - 180055. What are the prime factors of h?
3, 4003
Let c(g) = g**2 - 5*g - 78. Let r be c(25). Let w = -7 + r. List the prime factors of w.
5, 83
Suppose -3*j + 33*j - 123270 = 0. Suppose 6*s - 751 = j. List the prime factors of s.
2, 3, 5
Let p = -17773 - -35800. List the prime factors of p.
3, 2003
Suppose 0 = g + 5*k - 9693, -43*k + 48*k - 48585 = -5*g. List the prime factors of g.
3, 7, 463
Let u(a) = -58*a - 6. Suppose 9*x - 16 = 7*x. Suppose -x*m = m + 9. List the prime factors of u(m).
2, 13
What are the prime factors of (760687/236)/(2/8)?
12893
Suppose -6*f - 4*p + 36390 = 0, -3*f + 2*p = -22956 + 4773. List the prime factors of f.
3, 43, 47
Suppose -59 - 51 = -10*a. Suppose -2337 = -8*i - a*i. List the prime factors of i.
3, 41
Suppose -35*b + 48 = -11*b. Suppose -1290 = -3*u - 3*m, 3*u + m = -b*u + 2158. What are the prime factors of u?
2, 3
Let r be 3852/(-90) + (2 - 11/5). Let l = r + 191. What are the prime factors of l?
2, 37
Suppose 200*a - 1703155 - 347150 = 41*a. What are the prime factors of a?
5, 2579
What are the prime factors of (126808/(-1694))/((-4)/658)?
2, 47, 131
Suppose 4 = 4*k - 24. Let j be 9*((-140)/15)/k. What are the prime factors of (-5 - (-236)/j)*(-18)/4?
3, 37
Let s(d) = -2*d**2 + 2*d - 1. Let v(r) = 9*r**2 + 24*r + 37. Let g(x) = -4*s(x) - v(x). What are the prime factors of g(-16)?
223
Suppose 5*g = 194 + 71. Let f = -100 - -97. Let i = g + f. What are the prime factors of i?
2, 5
Let g(i) = -14*i**3 - i**2 + 83*i + 250. List the prime factors of g(-9).
2, 29, 83
Let g(q) = 5*q**3 - 16*q**2 + 3*q - 5. Let l be g(-6). Let s = l - -3278. List the prime factors of s.
3, 13, 41
Let l be (30/(-8))/(3/(-4)). Suppose 0 = l*g - g - 2*m - 346, -g - 4*m = -109. Suppose 122 = 3*n - w - g, -w - 71 = -n. List the prime factors of n.
2, 5, 7
Let w(z) = -9986*z + 4695. List the prime factors of w(-3).
3, 11551
Let i be (-1*7)/((-8)/(-512)). Let f = -112 - i. What are the prime factors of f?
2, 3, 7
Let v(d) be the second derivative of -33*d**3/2 + 42*d**2 - 37*d. What are the prime factors of v(-14)?
2, 3, 5, 7
Let r = -29 - -85. Let p = 78 - r. List the prime factors of p/(-4)*(3 + 3 - 14).
2, 11
Suppose -4*k = -5*r + 45195, 2*k + 45205 = -23*r + 28*r. List the prime factors of r.
9043
Let a(i) = 197*i**2 + 2*i + 8. Let n be a(-3). Suppose 0 = 26*p - 31*p + n. List the prime factors of p.
5, 71
Suppose 0*i = 28*i - 84. Suppose -i = o, -4*w - 4*o + 1224 = -2028. What are the prime factors of w?
2, 3, 17
What are the prime factors of (-154)/2772 + 167815/18?
9323
Let x = 46 + -46. Suppose x = 3*l + 5*l - 32. Suppose 0 = -l*n - 11 + 23. What are the prime factors of n?
3
What are the prime factors of 64915*((4 - -8) + (-236)/20)?
12983
Suppose 10 = 5*v - 5. Suppose 0 = -3*u - v, -h + 5*u + 185 = -27. What are the prime factors of h?
3, 23
List the prime factors of -794*(13 - (-270)/(-20)).
397
Let n = -87063 + 159872. What are the prime factors of n?
11, 6619
Suppose 47*x - 49*x + 5*n = 32, -4 = -n. Let y(f) = -2*f + 7 + f**3 + 9*f**2 + 0*f + f. List the prime factors of y(x).
11
Let t(x) = -x**3 + 12*x**2 + 10*x + 23. Let p be t(13). Let w = p - -18. Suppose -2*y - 2*o = -5*y + 103, y - 45 = -w*o. What are the prime factors of y?
37
Let m(q) = -5*q + 60. Let s be m(12). Suppose s = -6*t + 76 + 122. What are the prime factors of t?
3, 11
Suppose -2*j - 2 = 5*u + 8, -2*j - 3*u = 6. Suppose -4*w + 7*b - 6*b + 14 = j, 3*w + 3*b - 18 = 0. List the prime factors of -5 + (-63)/(-12) + 195/w.
7
Let v(b) = -4787*b + 7104. List the prime factors of v(-8).
2, 5, 227
Suppose 87*s - 628494 - 231802 - 1573529 = 0. List the prime factors of s.
3, 5, 373
Let d(w) = 3610*w**3 + 19*w**2 - 41*w + 9. What are the prime factors of d(2)?
17, 1699
Let x be 1164/15 - 8/(-20). Let n = x - -13. Suppose g - m = n, -2*g + 197 = m + 2*m. List the prime factors of g.
2, 47
Suppose 4*n - 40 = -0. Let v = 487 + -303. Suppose -n*m = -v - 716. What are the prime factors of m?
2, 3, 5
Let d = -489 + 713. Suppose j - 2*c - d = 193, 5*j + c - 2096 = 0. List the prime factors of j.
419
Let r(c) = 4*c**3 + 244*c**2 + 273*c - 26. List the prime factors of r(-59).
3, 5, 11, 71
Suppose 3895 = -6*n + 19897. Let f = n - 1437. What are the prime factors of f?
2, 3, 5, 41
Let l(o) = -104*o - 495. What are the prime factors of l(-10)?
5, 109
Let h(a) = a**3 - 11*a**2 - 2451*a - 83. What are the prime factors of h(60)?
17, 1721
Let w(r) = -403*r - 1. Let j(g) = 401*g. Let l(f) = 6*j(f) + 5*w(f). List the prime factors of l(1).
2, 193
Suppose 39713 = 46*y - 76473 + 26256. What are the prime factors of y?
5, 17, 23
Suppose 7*h + 170 = 12*h. Suppose 2*l - h = -22. Suppose -27 = l*a - 117. What are the prime factors of a?
3, 5
Let k = 15103 + -6052. What are the prime factors of k?
3, 7, 431
Suppose 5*m = -r + 16786, 25*m + r + 16784 = 30*m. What are the prime factors of m?
3, 373
Suppose -1193 + 271 = -2*q. What are the prime factors of q?
461
Let b = 58837 - 31910. List the prime factors of b.
26927
Let l(q) = q**2 + 9*q - 16. Let t be l(-15). Let i = t - 136. Let h = i - -74. What are the prime factors of h?
2, 3
Suppose -9331 = -s + 3*v, -4*v - 964 - 8360 = -s. What are the prime factors of s?
2, 7, 167
Suppose -38 = 3*m - 44. Suppose 3*f + 0*f = m*f. Suppose p + 5*j - 75 = f, -4*p = -3*j + 2*j - 195. List the prime factors of p.
2, 5
Let b(j) = -34*j**3 - 2*j**2 - 2*j + 2. Let g be b(1). Let d = g + 51. Suppose 85 = p + 2*a - 31, 3*a - d = 0. What are the prime factors of p?
2, 53
Let g = 44 - -1392. What are the prime factors of g?
2, 359
Suppose -17*n - 11402 = -2*s - 22*n, -2*s + 4*n + 11438 = 0. What are the prime factors of s?
5711
Let y = -11262 - -16378. What are the prime factors of y?
2, 1279
Suppose -22*d - 7307 - 22965 = 0. Let r = 2126 + d. What are the prime factors of r?
2, 3, 5
Let z = -20301 + 40542. What are the prime factors of z?
3, 13, 173
Suppose 665 = -p + 682. Suppose 1890 = p*j + 10*j. List the prime factors of j.
2, 5, 7
Let r(t) = 2*t**2 - 10*t + 12. Let j be r(5). Suppose j = 4*k - 0*k. Suppose k*h = 491 - 152. What are the prime factors of h?
113
Suppose 9*s - 35624 = -6*s + 343426. What are the prime factors of s?
2, 5, 7, 19
Suppose -v - 3867 = -2*f - 27970, 24112 = v + f. What are the prime factors of v?
24109
Suppose -4*f = 13*a - 15*a + 31118, 5*f = 15. List the prime factors of a.
5, 11, 283
Let o be (-207*2)/((-16)/(-56)). What are the prime factors of (6*1)/(o/(-723) + -2)?
2, 3, 241
Let c = -21631 - -30738. What are the prime factors of c?
7, 1301
Let t be 0*((-3)/(-2) + -2) + 2. Suppose t*i = -2*j + 335 + 11, -4*i - 5*j = -688. Let n = i - 104. What are the prime factors of n?
73
Suppose 3*n - 2*n = 7. Let y be (1/2)/(2/8668) - 7. Suppose -n*w = w - y. List the prime factors of w.
2, 3, 5
Suppose -4*u = 5*u - 108. Suppose -5*g - 5*l + 3840 = 0, 7*g = u*g - 3*l - 3872. What are the prime factors of g?
2, 193
Let n(p) = -10*p - 44. Let a be n(6). Let w = a + 52. Let r = w - -165. What are the prime factors of r?
113
Let m = -336 - -339. Let y be -3 - -4 - (1 + -2). What are the prime factors of (-1 - y)/1 + 114 + m?
2, 3, 19
Let n = 811 - 763. Suppose i - 1995 = -3*o, -3*i = 49*o - n*o - 5953. What are the prime factors of i?
3, 661
Suppose 4*m - 8 = 2*m. Suppose 0 = 2*l - 4*k - 1248, m*l + k = 6*k + 2487. What are the prime factors of l?
2, 3, 103
Suppose 0 = 139*h + 927735 - 3143534. What are the prime factors of h?
19, 839
Let c(i) = 10*i**2 - 5*i - i**3 - 21*i + 2*i**3 + 2*i**3 - 41*i**2 - 2. List the prime factors of c(12).
2, 7, 29
What are the prime factors of (1/(-2))/((-121)/4232096)?
2, 1093
List the prime factors of (-12)/(-5) + 7975071/585.
3, 5, 101
Let u be 2 + (-3 - -5 - 1). Suppose -u*n = d - 5*d - 833, -841 = -3*n + 2*d. List the prime factors of n.
283
Suppose 119738 = 4*o - 11*d + 12*d, -3*d - 18 = 0. List the prime factors of o.
2, 1871
Let d(j) = 176*j + 1896. List the prime factors of d(52).
2, 1381
Suppose 0 = -2*i + 2*i - 7*i. Suppose v + i*v - 419 = -2*h, 4*v = -3*h + 641. What are the prime factors of h?
3, 23
Let u be 0 - 1 - (7 - -2). Let q(v) = -2*v**3 - 11*v**2 - 6*v + 7. Let n be q(-6)